at is the tens digit of 62526?
2
What is the units digit of 1645?
5
What is the thousands digit of 63857?
3
What is the thousands digit of 2641?
2
What is the units digit of 12262?
2
What is the thousands digit of 1375?
1
What is the tens digit of 34034?
3
What is the units digit of 3262?
2
What is the tens digit of 7901?
0
What is the units digit of 952?
2
What is the hundreds digit of 1642?
6
What is the units digit of 385?
5
What is the ten thousands digit of 37918?
3
What is the hundreds digit of 58064?
0
What is the tens digit of 23873?
7
What is the units digit of 914?
4
What is the tens digit of 33?
3
What is the tens digit of 2858?
5
What is the units digit of 6362?
2
What is the tens digit of 2419?
1
What is the tens digit of 2583?
8
What is the thousands digit of 5294?
5
What is the units digit of 3322?
2
What is the units digit of 6463?
3
What is the ten thousands digit of 16991?
1
What is the ten thousands digit of 41171?
4
What is the hundreds digit of 32022?
0
What is the tens digit of 9638?
3
What is the ten thousands digit of 32822?
3
What is the units digit of 20349?
9
What is the hundreds digit of 211?
2
What is the units digit of 261?
1
What is the hundreds digit of 726?
7
What is the tens digit of 1583?
8
What is the hundreds digit of 1632?
6
What is the hundreds digit of 15119?
1
What is the thousands digit of 8285?
8
What is the tens digit of 3017?
1
What is the units digit of 5281?
1
What is the tens digit of 45311?
1
What is the units digit of 164?
4
What is the units digit of 70422?
2
What is the ten thousands digit of 41088?
4
What is the tens digit of 17608?
0
What is the tens digit of 691?
9
What is the tens digit of 126?
2
What is the tens digit of 1074?
7
What is the units digit of 7833?
3
What is the tens digit of 4162?
6
What is the ten thousands digit of 15534?
1
What is the tens digit of 850?
5
What is the thousands digit of 38631?
8
What is the hundreds digit of 1066?
0
What is the tens digit of 82104?
0
What is the ten thousands digit of 24573?
2
What is the units digit of 938?
8
What is the thousands digit of 8797?
8
What is the thousands digit of 34094?
4
What is the ten thousands digit of 60255?
6
What is the thousands digit of 1783?
1
What is the units digit of 31?
1
What is the tens digit of 2681?
8
What is the hundreds digit of 707?
7
What is the tens digit of 7231?
3
What is the hundred thousands digit of 132411?
1
What is the units digit of 4901?
1
What is the thousands digit of 4262?
4
What is the units digit of 23160?
0
What is the units digit of 2705?
5
What is the hundreds digit of 2129?
1
What is the tens digit of 1436?
3
What is the units digit of 183?
3
What is the hundreds digit of 355?
3
What is the tens digit of 232?
3
What is the hundreds digit of 12832?
8
What is the thousands digit of 2468?
2
What is the ten thousands digit of 39721?
3
What is the tens digit of 241?
4
What is the ten thousands digit of 106008?
0
What is the thousands digit of 1204?
1
What is the units digit of 1612?
2
What is the hundreds digit of 85193?
1
What is the units digit of 11518?
8
What is the units digit of 1116?
6
What is the hundreds digit of 6202?
2
What is the hundreds digit of 26948?
9
What is the tens digit of 17945?
4
What is the hundreds digit of 180?
1
What is the ten thousands digit of 12433?
1
What is the units digit of 34097?
7
What is the units digit of 17057?
7
What is the hundreds digit of 391?
3
What is the tens digit of 17347?
4
What is the thousands digit of 2348?
2
What is the ten thousands digit of 47734?
4
What is the hundreds digit of 9456?
4
What is the tens digit of 2790?
9
What is the thousands digit of 92696?
2
What is the hundreds digit of 65214?
2
What is the tens digit of 3781?
8
What is the units digit of 670?
0
What is the ten thousands digit of 41112?
4
What is the ten thousands digit of 125452?
2
What is the thousands digit of 1223?
1
What is the units digit of 30797?
7
What is the hundreds digit of 355?
3
What is the units digit of 6801?
1
What is the hundreds digit of 27585?
5
What is the tens digit of 7352?
5
What is the tens digit of 3816?
1
What is the thousands digit of 2285?
2
What is the ten thousands digit of 38416?
3
What is the tens digit of 871?
7
What is the tens digit of 7502?
0
What is the units digit of 6469?
9
What is the ten thousands digit of 37318?
3
What is the thousands digit of 14431?
4
What is the tens digit of 112?
1
What is the units digit of 23052?
2
What is the hundreds digit of 5475?
4
What is the units digit of 25930?
0
What is the ten thousands digit of 52546?
5
What is the thousands digit of 2194?
2
What is the tens digit of 758?
5
What is the hundreds digit of 777?
7
What is the units digit of 4962?
2
What is the thousands digit of 6305?
6
What is the tens digit of 102851?
5
What is the tens digit of 2935?
3
What is the tens digit of 19056?
5
What is the tens digit of 20256?
5
What is the tens digit of 76502?
0
What is the units digit of 127?
7
What is the units digit of 143?
3
What is the ten thousands digit of 150630?
5
What is the units digit of 5437?
7
What is the units digit of 1495?
5
What is the tens digit of 27597?
9
What is the tens digit of 9636?
3
What is the tens digit of 358?
5
What is the hundreds digit of 30614?
6
What is the hundreds digit of 89835?
8
What is the hundreds digit of 26703?
7
What is the tens digit of 18?
1
What is the tens digit of 11625?
2
What is the hundreds digit of 947?
9
What is the ten thousands digit of 24428?
2
What is the tens digit of 2740?
4
What is the units digit of 742?
2
What is the units digit of 2558?
8
What is the thousands digit of 1325?
1
What is the hundreds digit of 581?
5
What is the units digit of 56535?
5
What is the thousands digit of 26498?
6
What is the thousands digit of 5942?
5
What is the tens digit of 3716?
1
What is the ten thousands digit of 41715?
4
What is the units digit of 1671?
1
What is the thousands digit of 1426?
1
What is the hundreds digit of 13873?
8
What is the thousands digit of 37071?
7
What is the units digit of 22327?
7
What is the units digit of 98749?
9
What is the hundreds digit of 2076?
0
What is the hundreds digit of 24524?
5
What is the ten thousands digit of 30111?
3
What is the units digit of 863?
3
What is the hundreds digit of 651?
6
What is the hundreds digit of 103537?
5
What is the thousands digit of 21696?
1
What is the units digit of 529?
9
What is the units digit of 67318?
8
What is the hundreds digit of 769?
7
What is the hundreds digit of 3209?
2
What is the ten thousands digit of 53090?
5
What is the tens digit of 10612?
1
What is the hundreds digit of 18448?
4
What is the hundreds digit of 35163?
1
What is the units digit of 211?
1
What is the units digit of 831?
1
What is the tens digit of 5129?
2
What is the units digit of 18739?
9
What is the hundreds digit of 1009?
0
What is the tens digit of 6454?
5
What is the ten thousands digit of 24967?
2
What is the tens digit of 6879?
7
What is the thousands digit of 7855?
7
What is the tens digit of 920?
2
What is the tens digit of 780?
8
What is the hundreds digit of 1331?
3
What is the tens digit of 9756?
5
What is the tens digit of 11367?
6
What is the tens digit of 17344?
4
What is the ten thousands digit of 58828?
5
What is the tens digit of 1644?
4
What is the hundreds digit of 14607?
6
What is the hundreds digit of 570?
5
What is the thousands digit of 104324?
4
What is the units digit of 484?
4
What is the tens digit of 1478?
7
What is the tens digit of 1959?
5
What is the units digit of 30237?
7
What is the thousands digit of 7373?
7
What is the units digit of 1839?
9
What is the units digit of 20516?
6
What is the hundreds digit of 2951?
9
What is the thousands digit of 6700?
6
What is the tens digit of 4862?
6
What is the units digit of 27?
7
What is the tens digit of 33325?
2
What is the units digit of 2315?
5
What is the hundreds digit of 1445?
4
What is the tens digit of 5961?
6
What is the units digit of 10118?
8
What is the hundreds digit of 17366?
3
What is the units digit of 121393?
3
What is the units digit of 5948?
8
What is the units digit of 923?
3
What is the units digit of 24955?
5
What is the thousands digit of 4150?
4
What is the units digit of 954?
4
What is the thousa